, 997
List the prime factors of (18/27)/((-2)/(-18156)).
2, 17, 89
Let y be ((-21)/56*2)/(3/(-3168)). Suppose -q + 396 = -5*k, -2*q + y = 6*k - 5*k. List the prime factors of q.
2, 3, 11
Let j(x) = -3*x**3 + 139*x**2 + 35*x - 63. What are the prime factors of j(42)?
3, 7, 19, 61
Let s(p) = -p + 9. Let v be s(17). Let u be (-10)/40 - 114/v. Suppose -m = 3*o - u, -o = 2*m + 2 - 20. What are the prime factors of m?
2
Let n(x) = 1126*x - 2419. List the prime factors of n(36).
47, 811
Let l(g) = -17*g - 5*g + 9 + 0*g. Suppose -64*w = -67*w - 9. What are the prime factors of l(w)?
3, 5
Suppose 0 = 9*g - 8043 - 5592. What are the prime factors of g?
3, 5, 101
Suppose 0*a + 5*b + 3 = 3*a, 3*a = 2*b + 3. Suppose 75 + 5 = 2*h. List the prime factors of (1 + 0)/(a/h).
2, 5
What are the prime factors of (21/15 + -1)/((-50)/(-3601625))?
28813
Let x(r) = -r**2 - r + 1. Let p(s) = -9 - 172*s - 390*s**2 + 154*s + 438 - 411*s. Let t(i) = 2*p(i) - 858*x(i). List the prime factors of t(-1).
2, 3, 13
What are the prime factors of ((11 - 12555/(-20)) + 3)/(1/16)?
2, 17, 151
Let k(f) = 128*f**2 + 107*f - 19. What are the prime factors of k(6)?
5231
Let f(s) = 77*s**3 + s + 8 - 3 - 8*s - 38*s**3. What are the prime factors of f(2)?
3, 101
Let h(d) be the first derivative of -11*d + 21/2*d**2 - 1/3*d**3 + 16. What are the prime factors of h(12)?
97
Let y be (-30)/4*118/(-177). List the prime factors of 6649/6 + y/(-30).
2, 277
Let n = 46 + -19. Let q(t) = -t**3 + 28*t**2 - 21*t + 62. What are the prime factors of q(n)?
2, 7
Suppose 1183728 = 21*h + 31*h. List the prime factors of h.
2, 3, 7, 271
Suppose -2*o + 13*z - 9*z + 404 = 0, 0 = 4*o - 2*z - 820. Suppose 15*c = 3919 + o. What are the prime factors of c?
5, 11
Let g be ((-932)/(-6))/((-4)/(-6)). Let w be (1701/315 - (-1)/10)*42. Suppose -4*v = -w - g. List the prime factors of v.
2, 29
Let j be 1/(-3 + 44/16). Let k be (10 - 1) + j + 0. Suppose 24 = 9*c - k*c. What are the prime factors of c?
2, 3
Suppose 4*b + 3*o - 32813 = 0, -5*b + 39*o - 36*o + 40996 = 0. List the prime factors of b.
59, 139
Let w = 6494 + -2075. What are the prime factors of w?
3, 491
Let w(g) = -299*g + 3. Let l be w(-1). Suppose t - l = -2*b, 0 = t - 3*b + 56 - 338. List the prime factors of t.
2, 3, 7
Let x(d) = 49*d**3 + 10*d**2 - 11*d - 22. Let b(i) = 25*i**3 + 6*i**2 - 5*i - 11. Let k(l) = 11*b(l) - 6*x(l). List the prime factors of k(-3).
5, 109
Suppose -5*l + 7 = 2*l. Let s be l/(2/(-5))*-2. Suppose s*p + 2*w - 1244 = -2*w, 3*p + 2*w = 748. List the prime factors of p.
2, 3, 7
Let d = 116 - 68. Let n = -587 + 589. Suppose 0 = n*c + 2*g - 112, 3*g = 3*c - d - 120. What are the prime factors of c?
2, 7
Let c(v) = -v**3 + 6*v**2 + 8*v - 7. Let x be c(7). Suppose -27*f + 28*f - 9 = x. List the prime factors of f.
3
Let g be ((-243)/5)/(15/(-50)). Let n = g - 92. List the prime factors of n.
2, 5, 7
Suppose 37*t = 106*t + 143*t - 2848432. List the prime factors of t.
2, 3359
Let o = 9 + -7. Suppose -o*r - 7 = -15. Suppose -2 = -2*z - 2*u, -z - 3 = u + r*u. What are the prime factors of z?
2
Suppose 0*b - 2*b = 0. Let r = 469 - 461. Suppose r*q - q - 630 = b. List the prime factors of q.
2, 3, 5
Let l be ((-135)/(-6))/(4/8). Suppose -m + 170 = -l. List the prime factors of m.
5, 43
Suppose -s + 47 = 42. Suppose -f - 2*p - 3 = 4, 4*f + s*p + 22 = 0. Let x(k) = -48*k + 10. What are the prime factors of x(f)?
2, 7, 11
Suppose 0 = 13*i + 4*y - 31130, 3*y + 9649 = 5*i - 2315. What are the prime factors of i?
2, 3, 7, 19
What are the prime factors of ((-574743)/13)/(48/(-112) - 8/14)?
3, 14737
List the prime factors of (-3956)/(-115)*(-75)/(-2).
2, 3, 5, 43
Suppose 253 = 5*o - 37. Suppose -o*a = -56*a - 8. List the prime factors of (-16 - 16)*(-17)/a.
2, 17
Suppose 7*n + 5 = -37. Let i be n/9 - (-2)/3. Suppose i = -4*p + 96 + 184. List the prime factors of p.
2, 5, 7
What are the prime factors of 129610/90 + 30/(-27)?
1439
Let w(d) = -d**3 - 59*d**2 + 80*d + 460. What are the prime factors of w(-61)?
2, 1511
Let p(x) = -x. Let t be p(4). Let u(f) = -f + 1. Let n be u(t). Suppose -n*z - 4*v + 5*v = -171, 0 = -5*z + 3*v + 163. What are the prime factors of z?
5, 7
Let k(p) = 928*p**2 - 76*p + 160. What are the prime factors of k(2)?
2, 3, 5, 31
List the prime factors of 120/(-18) - (-1748942)/39.
2, 3, 47, 53
Let i = -2184 - -298. Let w = i + 3438. What are the prime factors of w?
2, 97
Let w = -85 + 53. Let m = w + 226. Let a = -115 + m. What are the prime factors of a?
79
Let f be 1012/11*(0 - (-30)/8). Let v = f - 205. List the prime factors of v.
2, 5, 7
What are the prime factors of -6 + 39381 - (21 + -5)/(-4)?
53, 743
Suppose -60 + 570 = 17*x. List the prime factors of -386*21*(-5)/x.
7, 193
Let k(q) = q**2 + 7*q - 16. Let m be 12*((-55)/(-15) + -3*1). Let x be k(m). Suppose 162 = 2*j - x. List the prime factors of j.
7, 19
Suppose -117*s + 1390806 = 52*s - 1611141. List the prime factors of s.
3, 31, 191
Suppose -3*r - 7*h = -2*h - 128, 0 = -2*r + 2*h + 64. Suppose 82*f - 93*f = -726. Suppose d = f + r. What are the prime factors of d?
2, 3, 17
Let m(a) = 22*a + 9. Suppose -4*c + 20 = 2*s, 9*s - 4*s + 4*c - 20 = 0. Suppose -2*u + 19 - 9 = s. List the prime factors of m(u).
7, 17
What are the prime factors of (-3)/(3*-13) - (-9611)/182*198?
2, 1307
Let w be (2 - -2)/(-4) - -3. List the prime factors of w/12 + (-85)/(-30) - -688.
691
Let s = 60743 + -49261. List the prime factors of s.
2, 5741
Let g = 9232 + -5992. What are the prime factors of g?
2, 3, 5
Suppose 12 - 90 = 3*g. Let n = g - -34. Suppose -n*o + 133 = -o. List the prime factors of o.
19
Let t(q) = -23*q + 865. List the prime factors of t(-7).
2, 3, 19
Let o = -47 - -52. Suppose -4*n + 6*n - 38 = -4*f, -o*f + 59 = 3*n. Suppose -12*s - 2684 = -n*s. List the prime factors of s.
2, 61
Suppose -4*b + 73732 = -29*h + 27*h, -5*b + h + 92162 = 0. List the prime factors of b.
2, 3
Suppose 4*g = 30*b - 26*b + 81292, -5*g + 3*b + 101629 = 0. List the prime factors of g.
2, 5, 19, 107
Suppose -143216 = -3*p + 5*s - 51919, -2*s - 30434 = -p. What are the prime factors of p?
2, 3803
Let z be 5*886/5 - (1 + -1). Suppose s + s - z = 0. What are the prime factors of s?
443
Suppose -43*k + 70970 + 360105 = 0. What are the prime factors of k?
5, 401
Suppose -7*r + 2458 + 202 = 0. Suppose -5*u - 5*p = -3*u - r, u + 5*p = 195. Suppose 4*j - 2*j - u = -5*f, 150 = 2*j - 2*f. List the prime factors of j.
2, 5
Let r(h) = h + 5. Let o be r(-5). Let m(a) = -12*a + 436. Let n be m(36). Suppose 3*f = n*t + 9 + 7, o = -5*f + 4*t + 32. List the prime factors of f.
2
Let g(b) = -1734 + 1678 + 16*b - 61*b. List the prime factors of g(-8).
2, 19
Suppose 30 = 7*p - 22*p. List the prime factors of p*3*(-2823)/18.
941
Let v be -3 + -6*(-2)/4. Suppose 0 = 164*q - 158*q - 12. Suppose l - 2*s - 25 = v, -q*l - 78 = -5*l + 5*s. List the prime factors of l.
31
Suppose -3*n - 5*k + 1323 + 2417 = 0, 0 = n - 4*k - 1224. Suppose z = 10*i - 12*i + 420, 0 = 3*z - 4*i - n. What are the prime factors of z?
2, 13
Suppose -1016 = -54*b + 496. Suppose 31*s - 1365 = b*s. What are the prime factors of s?
5, 7, 13
Let m(r) = r + 27. Let o be 0 - -5 - (-3 + 6). Let c be 74/(-8) + o/8. List the prime factors of m(c).
2, 3
Suppose 56*y - 24279 = -3*t + 52*y, 0 = 2*t - 3*y - 16169. What are the prime factors of t?
8089
Let o = -62 - -66. Suppose -4*q + 338 = -2*l - 28, 0 = -2*q + o*l + 186. Suppose 4*g = q + 353. List the prime factors of g.
3, 37
Let q(b) = -b - 12. Let m(w) = -13*w + 12. Let z be m(2). Let u be q(z). Suppose 4*g + u*s = 184, 0*s - 2*s = 0. What are the prime factors of g?
2, 23
Suppose -311 = 21*s - 878. Suppose -31*q + 36 = -s*q. What are the prime factors of q?
3
Let s = 7533 + -1749. List the prime factors of s.
2, 3, 241
Suppose 0 = 2*d - 11*d + 36. Suppose r + d*g = 6, -2*r = -2*g - 2*g. Suppose -r*t + 2 = -t. What are the prime factors of t?
2
Let q be (-65)/5*(-2)/1 - 1. Let r = q + 399. List the prime factors of r.
2, 53
Let f = 67205 + -39235. List the prime factors of f.
2, 5, 2797
Let l(h) = 2*h**3 - 27*h**2 + 10*h. Let s be l(12). Let o = 76 - s. Suppose -c + 118 - 507 = -5*q, -2*c - o = -5*q. What are the prime factors of q?
2, 3, 13
Suppose 14567 = -420*k + 427*k. Suppose 14*h = 13477 - k. List the p